{"id":1432,"date":"2017-03-03T17:09:37","date_gmt":"2017-03-03T16:09:37","guid":{"rendered":"https:\/\/lys.golf\/index.php\/pm_profile\/"},"modified":"2018-01-03T18:46:54","modified_gmt":"2018-01-03T17:46:54","slug":"pm_profile","status":"publish","type":"page","link":"https:\/\/lys.golf\/index.php\/zone-membres\/pm_profile\/","title":{"rendered":"My Profile"},"content":{"rendered":"<div class=\"pbs-main-wrapper\"><div class=\"pmpro_content_message\">Cette section est accessible uniquement par les membres inscrit sur le site.<\/div>\n<\/div>","protected":false},"excerpt":{"rendered":"<div class=\"pmpro_content_message\">Cette section est accessible uniquement par les membres inscrit sur le site.<\/div>","protected":false},"author":8,"featured_media":0,"parent":331,"menu_order":0,"comment_status":"closed","ping_status":"closed","template":"template-full-width.php","meta":{"pmpro_default_level":""},"jetpack_sharing_enabled":true,"jetpack_shortlink":"https:\/\/wp.me\/P8s0JS-n6","jetpack-related-posts":[{"id":2421,"url":"https:\/\/lys.golf\/index.php\/zone-membres\/regles-de-confidentialite\/","url_meta":{"origin":1432,"position":0},"title":"R\u00e8gles de confidentialit\u00e9","date":"","format":false,"excerpt":"R\u00e8gles de confidentialit\u00e9 Lorsque vous utilisez nos services, vous nous faites confiance pour le traitement de vos donn\u00e9es. Les pr\u00e9sentes r\u00e8gles de confidentialit\u00e9 visent \u00e0 vous indiquer quelles informations nous collectons, pour quelle raison, et comment nous les utilisons. Ces r\u00e8gles sont importantes et nous esp\u00e9rons que vous prendrez le\u2026","rel":"","context":"Article similaire","img":{"alt_text":"","src":"","width":0,"height":0},"classes":[]},{"id":331,"url":"https:\/\/lys.golf\/index.php\/zone-membres\/","url_meta":{"origin":1432,"position":1},"title":"Zone Membres","date":"","format":false,"excerpt":"Club House Histoire du club D\u00e9couvrez l\u2019histoire du club ainsi que des vid\u00e9os in\u00e9dites. Histoire InformationMembres Retrouvez les informations importantes destin\u00e9es aux membres du club. Information reservation D\u00e9part Le Club\u00a0met \u00e0 votre disposition un outil pour r\u00e9server en ligne votre d\u00e9part. Demandez vos identifiants \u00e0 l\u2019accueil ou via le formulaire\u2026","rel":"","context":"Article similaire","img":{"alt_text":"","src":"","width":0,"height":0},"classes":[]},{"id":2350,"url":"https:\/\/lys.golf\/index.php\/zone-membres\/annuaire-membres\/","url_meta":{"origin":1432,"position":2},"title":"Annuaire membres","date":"","format":false,"excerpt":"Annuaire des membres R\u00e8gles de confidentialit\u00e9\u00a0\u2013 Par d\u00e9faut, votre profile est visible des autres membres. Si vous souhaitez le masquer, rendez vous sur :-> Settings -> Privacy -> et cochez \u201cYes\u201d sous \u201cHide My Profile From Groups and Search Results\u201d.","rel":"","context":"Article similaire","img":{"alt_text":"","src":"","width":0,"height":0},"classes":[]},{"id":1509,"url":"https:\/\/lys.golf\/index.php\/author-home-page\/author-documentation-creer-un-utilisateur\/","url_meta":{"origin":1432,"position":3},"title":"Author documentation cr\u00e9er un utilisateur","date":"","format":false,"excerpt":"Cr\u00e9er un acc\u00e8s membre 1 \u2013 Aller dans le menu cr\u00e9er un utilisateur : Cliquez sur l\u2019ic\u00f4ne \u201c+ Cr\u00e9er\u201d dans la barre en haut de la page puis \u201cUtilisateur\u201c. 2 \u2013 Remplir le fomulaire Remplir le formulaire avec les informations suivantes : Identifiant (Obligatoire) : Premi\u00e8re lettre du pr\u00e9nom +\u2026","rel":"","context":"Article similaire","img":{"alt_text":"","src":"https:\/\/i0.wp.com\/lys.golf\/wp-content\/uploads\/2017\/03\/Pict2-1012x1024-blur-1012x1024.jpg?resize=350%2C200&ssl=1","width":350,"height":200},"classes":[]},{"id":1360,"url":"https:\/\/lys.golf\/index.php\/compte-dadherent\/","url_meta":{"origin":1432,"position":4},"title":"Compte d&rsquo;adh\u00e9rent","date":"","format":false,"excerpt":"Membres Cet espace est tristement r\u00e9serv\u00e9 aux membres du Club du Lys Chantilly qui sont \u00e0 jour de leur cotisation. Si vous n'avez pas encore d'identifiant, veuillez vous rapprocher de l'accueil ou faire la demande via le formulaire de contact. Sinon vous pouvez vous connecter en utilisant le lien \"se\u2026","rel":"","context":"Article similaire","img":{"alt_text":"","src":"","width":0,"height":0},"classes":[]},{"id":1366,"url":"https:\/\/lys.golf\/index.php\/compte-dadherent\/niveaux-dadhesion\/","url_meta":{"origin":1432,"position":5},"title":"Niveaux d&rsquo;adh\u00e9sion","date":"","format":false,"excerpt":"Membres Cet espace est tristement r\u00e9serv\u00e9 aux membres du Club du Lys Chantilly qui sont \u00e0 jour de leur cotisation. Si vous n'avez pas encore d'identifiant, veuillez vous rapprocher de l'accueil ou faire la demande via le formulaire de contact. Sinon, vous pouvez vous connecter en utilisant le lien \"Se\u2026","rel":"","context":"Article similaire","img":{"alt_text":"","src":"","width":0,"height":0},"classes":[]}],"_links":{"self":[{"href":"https:\/\/lys.golf\/index.php\/wp-json\/wp\/v2\/pages\/1432"}],"collection":[{"href":"https:\/\/lys.golf\/index.php\/wp-json\/wp\/v2\/pages"}],"about":[{"href":"https:\/\/lys.golf\/index.php\/wp-json\/wp\/v2\/types\/page"}],"author":[{"embeddable":true,"href":"https:\/\/lys.golf\/index.php\/wp-json\/wp\/v2\/users\/8"}],"replies":[{"embeddable":true,"href":"https:\/\/lys.golf\/index.php\/wp-json\/wp\/v2\/comments?post=1432"}],"version-history":[{"count":0,"href":"https:\/\/lys.golf\/index.php\/wp-json\/wp\/v2\/pages\/1432\/revisions"}],"up":[{"embeddable":true,"href":"https:\/\/lys.golf\/index.php\/wp-json\/wp\/v2\/pages\/331"}],"wp:attachment":[{"href":"https:\/\/lys.golf\/index.php\/wp-json\/wp\/v2\/media?parent=1432"}],"curies":[{"name":"wp","href":"https:\/\/api.w.org\/{rel}","templated":true}]}}