{"id":277,"date":"2017-02-25T05:28:30","date_gmt":"2017-02-25T04:28:30","guid":{"rendered":"https:\/\/lys.golf\/?page_id=277"},"modified":"2017-12-28T09:43:38","modified_gmt":"2017-12-28T08:43:38","slug":"les-chenes-tom-simpson-1929","status":"publish","type":"page","link":"https:\/\/lys.golf\/index.php\/golf\/les-chenes-tom-simpson-1929\/","title":{"rendered":"Les Ch\u00eanes"},"content":{"rendered":"<div class=\"pbs-main-wrapper\"><div class=\"pbs-row\" data-pbs-hide-phone=\"0\" data-width=\"full-width\" style=\"background-image: url(https:\/\/lys.golf\/wp-content\/uploads\/2017\/12\/IMG_0082.jpg); margin-top: -44px; position: relative; min-height: 100vh;\">\n<div class=\"pbs-col\" style=\"padding-right: 40px; padding-left: 40px; flex-basis: 50%; justify-content: center; background-color: rgba(40, 36, 37, 0.86);\">\n<div data-ce-tag=\"spacer\"><\/div>\n<h1 style=\"text-align: center; margin-top: 0px; margin-bottom: 0px;\">  <span style=\"color:#ffffff;text-transform:uppercase;\">Les Ch\u00eanes<\/span>  <\/h1>\n<h4 style=\"text-align: center;\">  <span style=\"color: #ffffff; font-style: normal;\">Tom Simpson 1929<\/span>  <\/h4>\n<div class=\"pbs-row\" style=\"min-height: 200px;\">\n<div class=\"pbs-col\" style=\"flex-basis: 33.33%;\">\n<p><strong style=\"color:#ffffff;\">Hors Limites :<\/strong><span style=\"color:#ffffff;\"> D\u00e9finis par les barri\u00e8res et clotures de la propri\u00e9t\u00e9, les alignements de piquets blancs et\/ou lignes blanches continues. Le putting green, la terrasse du club-house ainsi que le practice sont hors-limites.<\/span><\/p>\n<p><strong style=\"color:#ffffff;\">Les buttes engazonn\u00e9es de bunker<\/strong><span style=\"color:#ffffff;\"> ne sont pas consid\u00e9r\u00e9es comme des zones tondues ras.<\/span><\/p>\n<p><strong style=\"color:#ffffff;\">Obstructions amovibles :<\/strong><span style=\"color:#ffffff;\"> Les pierres dans les bunkers, les piquets de 135m.<\/span><\/p>\n<p style=\"margin-bottom: 23px;\"><strong style=\"color:#ffffff;\">Obstructions inamovibles<\/strong><span style=\"color:#ffffff;\"> : Les jeunes plantations, les tuteurs, haubans et cuvettes,&nbsp;\u00e0 droite du green du trou n\u00b01, la haie de protection de d\u00e9part du trou n\u00b02;&nbsp;\u00e0 gauche du trou n\u00b08, le filet de protection et la chaine \u00e0 gauche du green avant le grillage de mitoyennet\u00e9.<\/span><\/p>\n<p><strong style=\"color:#ffffff;\">Terrains en r\u00e9paration :<\/strong><span style=\"color:#ffffff;\"> D\u00e9limit\u00e9s par des lignes blanches continues ou indiqu\u00e9s par des piquets bleues.<\/span><\/p>\n<p><strong style=\"color:#ffffff;\">Les chemins de terres<\/strong><span style=\"color:#ffffff;\"> sont parties int\u00e9grantes du terrain.<\/span><\/p>\n<p><span style=\"color:#ffffff;\">Il est ind\u00e9modable et jouable toute l\u2019ann\u00e9e. Confortable en toutes saisons : pas de boue ou de flaques d\u2019eau gr\u00e2ce \u00e0 son sous-sol sablonneux, mais aussi gr\u00e2ce \u00e0 la majest\u00e9 de ses arbres le tenant \u00e0 l\u2019abri du vent ou du soleil.<\/span><\/p>\n<\/div>\n<div class=\"pbs-col\" style=\"flex-basis: 33.33%;\">\n<p><span style=\"color:#ffffff;\">Il offre un v\u00e9ritable d\u00e9fi aux golfeurs de tous niveaux. L\u2019architecte Tom Simpson a d\u00e9ploy\u00e9 tout son talent pour imaginer un tel parcours : faux plats trompeurs, bunkers aux buttes engazonn\u00e9es, fairways aux trac\u00e9s parfaits.<\/span><\/p>\n<p><span style=\"color:#ffffff;\">Le conseil des \u00ab Pros \u00bb :<\/span><br \/><span style=\"color:#ffffff;\"> Le 12 a la pr\u00e9f\u00e9rence de Hugues Givr\u00e9 qui aime les trous avec du relief : \u00ab C\u2019est un tr\u00e8s beau back tee avec vue dominante. Par 4 court mais qui permet d\u2019utiliser un bois 3, puis un petit fer \u00bb .<\/span><br \/><span style=\"color:#ffffff;\"> Fr\u00e9d\u00e9ric Regard pr\u00e9f\u00e8re le 17, dit \u00ab juge de paix \u00bb, qui n\u00e9cessite un grand drive pour esp\u00e9rer toucher le green en deux, le choix du club du 2\u00e8me coup \u00e9tant limit\u00e9 au long fer \u00e0 moins qu\u2019un bois de parcours puisse vous permettre de sauver le par.<\/span><\/p>\n<p><span style=\"color:#ffffff;\">Ce parcours n\u2019est pas une affaire de puissance. Pourtant Guillaume Mallet, lui, aime le trou n\u00b09 : \u00ab Un bon drive pourra vous permettre de vous placer sur le green et tenter un eagle en rentrant votre putt \u00bb.<\/span><\/p>\n<p><span style=\"color:#ffffff;\">La principale difficult\u00e9 est ailleurs. En effet, les bunkers de fairways, r\u00e9sultats d\u2019un travail artistique qui a permis de donner \u00e0 un terrain plat une apparence de mouvement, constituent un v\u00e9ritable challenge.<\/span><br \/><span style=\"color:#ffffff;\"> Si le 1, gentleman, vous accueille dans les grandes largeurs, d\u00e8s le 2, vous prendrez la pleine mesure du Lys.<\/span><\/p>\n<\/div>\n<\/div>\n<div data-ce-tag=\"spacer\"><\/div>\n<\/div>\n<div class=\"pbs-col\" style=\"flex-basis: 50%; justify-content: center;\">\n<div data-ce-tag=\"spacer\"><\/div>\n<\/div>\n<\/div>\n<div data-ce-tag=\"spacer\"><\/div>\n<div class=\"pbs-row\">\n<div class=\"pbs-col aos-init\" data-aos=\"slide-left\" style=\"padding: 70px 40px; margin-right: 10px; background-image: linear-gradient(rgba(15, 15, 15, 0.59), rgba(15, 15, 15, 0.59)), url('https:\/\/lys.golf\/wp-content\/uploads\/2017\/02\/bouleaux.jpg'); background-color: rgba(15, 15, 15, 0.59);\">\n<div data-ce-tag=\"spacer\"><\/div>\n<h1 style=\"margin-bottom: 0px; text-align: center;\">  <span style=\"color:#ffffff;text-transform:uppercase;\">Les Bouleaux<\/span>  <\/h1>\n<p style=\"text-align: center;\"><span style=\"color: #ffffff;\">Patrick Cros (1976) &amp; Robert Berthet (1980)<\/span><\/p>\n<p data-ce-tag=\"button\" style=\"text-align: center;\"><a class=\"pbs-button\" href=\"https:\/\/lys.golf\/index.php\/golf\/les-bouleaux-patrick-cros-1976-robert-berthet-1980\/\" style=\"background-color: #b18e34; border-color: #b18e34; color: #ffffff;\" xlink=\"href\">Lire plus \u2026<\/a><\/p>\n<\/div>\n<div class=\"pbs-col aos-init\" data-aos=\"slide-right\" style=\"padding: 70px 40px; background-image: linear-gradient(rgba(15, 15, 15, 0.58), rgba(15, 15, 15, 0.58)), url('https:\/\/lys.golf\/wp-content\/uploads\/2017\/02\/PandP-blured.jpg'); background-color: rgba(15, 15, 15, 0.58);\">\n<div data-ce-tag=\"spacer\"><\/div>\n<h1 style=\"margin-bottom: 0px; text-align: center;\">  <span style=\"color:#ffffff;text-transform:uppercase;\">Pitch &amp; Putt<\/span>  <\/h1>\n<p style=\"text-align: center;\"><span style=\"color: #ffffff;\">Didier Fruchet (2009)<\/span><\/p>\n<p data-ce-tag=\"button\" style=\"text-align: center;\"><a class=\"pbs-button\" href=\"https:\/\/lys.golf\/index.php\/golf\/pitch-putt\/\" style=\"background-color: #b18e34; border-color: #b18e34; color: #ffffff;\" xlink=\"href\">Lire plus \u2026<\/a><\/p>\n<\/div>\n<\/div>\n<div data-ce-tag=\"spacer\"><\/div>\n<div class=\"pbs-row\" data-width=\"full-width\" style=\"position: relative; min-height: 450px;\">\n<div class=\"pbs-col\" style=\"background-image: url(&quot;https:\/\/lys.golf\/wp-content\/uploads\/2017\/12\/IMG_0813.jpg&quot;); flex-basis: 74.98%; justify-content: center;\">\n<div data-ce-tag=\"spacer\" style=\"height: 390px;\"><\/div>\n<p style=\"text-align: right;\"><span style=\"font-size:calc(1rem - 0.08vw);font-weight:bold;\">HEALTHY BREAKFAST SET<\/span><\/p>\n<\/div>\n<div class=\"pbs-col\" style=\"flex-basis: 25.0175%; justify-content: center; background-color: #555152; padding-left: 40px; padding-right: 40px;\">\n<h3 style=\"margin-bottom: 10px;\">  <span style=\"color: #ffffff;\">Green du trou N\u00b0 9<\/span>  <\/h3>\n<\/div>\n<\/div>\n<div class=\"pbs-row\" data-width=\"full-width\" style=\"position: relative; min-height: 450px;\">\n<div class=\"pbs-col\" style=\"background-image: url(&quot;https:\/\/lys.golf\/wp-content\/uploads\/2017\/12\/IMG_0089.jpg&quot;); padding-right: 40px; padding-left: 40px; flex-basis: 25%; justify-content: center; background-color: rgb(236, 229, 212);\">\n<div data-ce-tag=\"spacer\" style=\"height: 390px;\"><\/div>\n<p style=\"text-align: left;\"><span style=\"font-size:calc(1rem - 0.08vw);color:#ffffff;font-weight:bold;\">Trou n\u00b09<\/span><\/p>\n<\/div>\n<div class=\"pbs-col\" style=\"background-size: cover; flex-basis: 25%; justify-content: center; background-color: rgba(40, 36, 37, 0.8);\"><\/div>\n<div class=\"pbs-col\" style=\"background-image: url(&quot;https:\/\/lys.golf\/wp-content\/uploads\/2017\/04\/17758275_1862139850706527_1211307335166181412_o.jpg&quot;); background-size: cover; flex-basis: 25%; justify-content: center;\">\n<div data-ce-tag=\"spacer\" style=\"height: 390px;\"><\/div>\n<p style=\"text-align: left;\"><span style=\"font-size:calc(1rem - 0.08vw);color:#ffffff;font-weight:bold;\">Trou n\u00b01<\/span><\/p>\n<\/div>\n<div class=\"pbs-col\" style=\"background-image: url(&quot;https:\/\/lys.golf\/wp-content\/uploads\/2017\/02\/Chenes-10.jpg&quot;); flex-basis: 25%; justify-content: center;\">\n<div data-ce-tag=\"spacer\" style=\"height: 390px;\"><\/div>\n<p style=\"text-align: left;\"><span style=\"color:#ffffff;font-weight:bold;\"><span style=\"font-size: 15.1251px;\">Trou n\u00b02<\/span><\/span><\/p>\n<\/div>\n<\/div>\n<\/div>","protected":false},"excerpt":{"rendered":"<p>Les Ch\u00eanes Tom Simpson 1929 Hors Limites : D\u00e9finis par les barri\u00e8res et clotures de la propri\u00e9t\u00e9, les alignements de piquets blancs et\/ou lignes blanches continues. Le putting green, la terrasse du club-house ainsi que le practice sont hors-limites. Les buttes engazonn\u00e9es de bunker ne sont pas consid\u00e9r\u00e9es comme des zones tondues ras. Obstructions amovibles [&hellip;]<\/p>\n","protected":false},"author":1,"featured_media":0,"parent":261,"menu_order":0,"comment_status":"closed","ping_status":"closed","template":"template-full-width.php","meta":{"pmpro_default_level":""},"jetpack_sharing_enabled":true,"jetpack_shortlink":"https:\/\/wp.me\/P8s0JS-4t","jetpack-related-posts":[{"id":282,"url":"https:\/\/lys.golf\/index.php\/golf\/les-bouleaux-patrick-cros-1976-robert-berthet-1980\/","url_meta":{"origin":277,"position":0},"title":"Les Bouleaux","date":"","format":false,"excerpt":"Les Bouleaux Patrick Cros 1976 Robert Berthet 1980 Hors Limites :\u00a0D\u00e9finis par les barri\u00e8res et clotures de la propri\u00e9t\u00e9, les alignements de piquets blancs et\/ou lignes blanches continues. Le putting green, la terrasse du club-house ainsi que le practice sont hors-limites. Les buttes engazonn\u00e9es de bunker\u00a0ne sont pas consid\u00e9r\u00e9es comme\u2026","rel":"","context":"Article similaire","img":{"alt_text":"","src":"","width":0,"height":0},"classes":[]},{"id":501,"url":"https:\/\/lys.golf\/","url_meta":{"origin":277,"position":1},"title":"Accueil","date":"","format":false,"excerpt":"Le club du Lys Chantilly fier de son histoire prestigieuse, il demeure l\u2019un des lieux les plus attractifs de France. Scroll down R\u00c9SERVATION MEMBRES GOLF Organisez votre partie en regardant qui a d\u00e9j\u00e0 r\u00e9serv\u00e9 un d\u00e9part. Avec un peu de chance, vous retrouverez des amis. Vous pouvez aussi joindre l\u2019accueil.\u2026","rel":"","context":"Article similaire","img":{"alt_text":"","src":"https:\/\/i0.wp.com\/lys.golf\/wp-content\/uploads\/2016\/11\/cropped-lys.png?fit=1000%2C397&ssl=1&resize=350%2C200","width":350,"height":200},"classes":[]},{"id":1154,"url":"https:\/\/lys.golf\/index.php\/golf\/histoire\/","url_meta":{"origin":277,"position":2},"title":"Histoire","date":"","format":false,"excerpt":"Histoire En golf, c\u2019est bien connu, la maturit\u00e9 est souvent longue \u00e0 venir. Tout au long de son histoire le domaine du Lys dans un premier temps, devenu par la suite \u00ab\u00a0l\u2019International Club du Lys\u00a0\u00bb (le prestigieux I.C.L.), a \u00e9volu\u00e9 avec son temps. Magniquement situ\u00e9 au c\u0153ur de la for\u00eat\u2026","rel":"","context":"Article similaire","img":{"alt_text":"","src":"https:\/\/i0.wp.com\/lys.golf\/wp-content\/uploads\/2017\/03\/lys-chantilly02.jpg?zoom=2&resize=350%2C200","width":350,"height":200},"classes":[]},{"id":287,"url":"https:\/\/lys.golf\/index.php\/golf\/pitch-putt\/","url_meta":{"origin":277,"position":3},"title":"Pitch &#038; Putt","date":"","format":false,"excerpt":"Pitch & Putt Didier Fruchet 2009 9 trous Pitch & Putt Par 27 Longueur : 940 m\u00e8tres Ce superbe Pitch & Putt dessin\u00e9 par D. Fruchet, architecte de golf, amoureux du Lys et enfant du Club, correspond parfaitement \u00e0 l\u2019id\u00e9e du Country Club du Lys Chantilly : offrir \u00e0 un\u2026","rel":"","context":"Article similaire","img":{"alt_text":"","src":"","width":0,"height":0},"classes":[]},{"id":1695,"url":"https:\/\/lys.golf\/index.php\/golf\/maison-des-jeunes\/","url_meta":{"origin":277,"position":4},"title":"Maison des jeunes","date":"","format":false,"excerpt":"Maison des Jeunes La Maison des Jeunes accueille les enfants \u00e0 partir de 6 ans. Une \u00e9quipe d\u2019animateurs propose des activit\u00e9s collectives, sportives et ludiques tout au long de l\u2019ann\u00e9e (hors fermeture des installations du golf). Informations et inscriptions aupr\u00e8s de l\u2019accueil du Golf\u00a0\u2013 0344212600 \/ contact@lys.golf","rel":"","context":"Article similaire","img":{"alt_text":"","src":"https:\/\/i0.wp.com\/lys.golf\/wp-content\/uploads\/2017\/03\/MDJ.jpg?resize=350%2C200&ssl=1","width":350,"height":200},"classes":[]},{"id":396,"url":"https:\/\/lys.golf\/index.php\/golf\/enseignants\/","url_meta":{"origin":277,"position":5},"title":"Enseignants","date":"","format":false,"excerpt":"j\u00e9r\u00e9my goErgen J\u00e9r\u00e9my GOERGEN rejoint le club du Lys-Chantilly \u00e0 l\u2019\u00e9t\u00e9 2018 Form\u00e9 au Centre National de Formation de la F\u00e9d\u00e9ration Fran\u00e7aise de Golf (78), \u00e0 ce jour, titulaire de l\u2019ensemble des Dipl\u00f4mes Sportifs Sp\u00e9cifiques Golf valid\u00e9s et reconnus par le Minist\u00e8re de la Jeunesse et du Sport. Il obtient\u2026","rel":"","context":"Article similaire","img":{"alt_text":"","src":"https:\/\/i0.wp.com\/lys.golf\/wp-content\/uploads\/2022\/12\/photo-Jofrrey-PENELON-225x300.jpg?resize=350%2C200&ssl=1","width":350,"height":200},"classes":[]}],"_links":{"self":[{"href":"https:\/\/lys.golf\/index.php\/wp-json\/wp\/v2\/pages\/277"}],"collection":[{"href":"https:\/\/lys.golf\/index.php\/wp-json\/wp\/v2\/pages"}],"about":[{"href":"https:\/\/lys.golf\/index.php\/wp-json\/wp\/v2\/types\/page"}],"author":[{"embeddable":true,"href":"https:\/\/lys.golf\/index.php\/wp-json\/wp\/v2\/users\/1"}],"replies":[{"embeddable":true,"href":"https:\/\/lys.golf\/index.php\/wp-json\/wp\/v2\/comments?post=277"}],"version-history":[{"count":0,"href":"https:\/\/lys.golf\/index.php\/wp-json\/wp\/v2\/pages\/277\/revisions"}],"up":[{"embeddable":true,"href":"https:\/\/lys.golf\/index.php\/wp-json\/wp\/v2\/pages\/261"}],"wp:attachment":[{"href":"https:\/\/lys.golf\/index.php\/wp-json\/wp\/v2\/media?parent=277"}],"curies":[{"name":"wp","href":"https:\/\/api.w.org\/{rel}","templated":true}]}}