{"id":282,"date":"2017-02-25T05:34:21","date_gmt":"2017-02-25T04:34:21","guid":{"rendered":"https:\/\/lys.golf\/?page_id=282"},"modified":"2017-12-28T09:46:09","modified_gmt":"2017-12-28T08:46:09","slug":"les-bouleaux-patrick-cros-1976-robert-berthet-1980","status":"publish","type":"page","link":"https:\/\/lys.golf\/index.php\/golf\/les-bouleaux-patrick-cros-1976-robert-berthet-1980\/","title":{"rendered":"Les Bouleaux"},"content":{"rendered":"<div class=\"pbs-main-wrapper\"><div class=\"pbs-row\" data-pbs-hide-phone=\"0\" data-width=\"full-width\" style=\"background-image: url(https:\/\/lys.golf\/wp-content\/uploads\/2017\/02\/bouleaux15.jpg); margin-top: -39px; position: relative; min-height: 100vh;\">\n<div class=\"pbs-col\" style=\"padding-right: 40px; padding-left: 40px; flex-basis: 50%; justify-content: center; background-color: rgba(255, 255, 255, 0.84);\">\n<h1 style=\"text-align: center; margin-top: 0px; margin-bottom: 0px;\">  <span style=\"color:#282425;text-transform:uppercase;\">Les Bouleaux<\/span>  <\/h1>\n<h4 style=\"text-align: center;\">  <span style=\"color:#282425;\">Patrick Cros 1976 <br \/>Robert Berthet 1980<\/span>  <\/h4>\n<div class=\"pbs-row\" style=\"min-height: 200px; margin-top: 17px;\">\n<div class=\"pbs-col\" style=\"flex-basis: 33.33%; padding-top: 14px;\">\n<p style=\"margin-top: 32px;\"><strong>Hors Limites :<\/strong>&nbsp;D\u00e9finis par les barri\u00e8res et clotures de la propri\u00e9t\u00e9, les alignements de piquets blancs et\/ou lignes blanches continues. Le putting green, la terrasse du club-house ainsi que le practice sont hors-limites.<\/p>\n<p><strong>Les buttes engazonn\u00e9es de bunker<\/strong>&nbsp;ne sont pas consid\u00e9r\u00e9es comme des zones tondues ras.<\/p>\n<p><strong>Obstructions amovibles :<\/strong>&nbsp;Les pierres dans les bunkers, les piquets de 135m.<\/p>\n<p><strong>Terrains en r\u00e9paration :<\/strong>&nbsp;D\u00e9limit\u00e9s par des lignes blanches continues ou indiqu\u00e9s par des piquets bleues.<\/p>\n<p><strong>Les chemins de terres<\/strong>&nbsp;sont parties int\u00e9grantes du terrain.<\/p>\n<\/div>\n<div class=\"pbs-col\" style=\"flex-basis: 33.33%; padding-top: 50px;\">\n<p>Petit, mais costaud\u2026 Le parcours des Bouleaux est plus court et plus \u00e9troit que Les Ch\u00eanes et n\u00e9cessite de ce fait de grandes qualit\u00e9s d\u2019adresse et de technique. Ce trac\u00e9 n\u2019a pas pris une ride depuis sa cr\u00e9ation. Ce parcours est en constante am\u00e9lioration depuis 2005 gr\u00e2ce aux travaux d\u2019\u00e9lagage et d\u2019allongement r\u00e9alis\u00e9s d\u2019ann\u00e9es en ann\u00e9es.<br \/> Les trous 6 et 14 ont la pr\u00e9f\u00e9rence du pro, Marc-Antoine Farry, ami du Lys et voisin du Club, qui trouve l\u00e0 toutes les conditions de jeu propres \u00e0 un entra\u00eenement de haut niveau.<\/p>\n<\/div>\n<\/div>\n<\/div>\n<div class=\"pbs-col\" style=\"flex-basis: 50%; justify-content: center;\">\n<div data-ce-tag=\"spacer\"><\/div>\n<\/div>\n<\/div>\n<div data-ce-tag=\"spacer\"><\/div>\n<div style=\"overflow-x: visible;\"><\/div>\n<div class=\"pbs-row\">\n<div class=\"pbs-col aos-init\" data-aos=\"slide-right\" style=\"padding: 70px 40px; margin-right: 10px; background-image: linear-gradient(rgba(15, 15, 15, 0.49), rgba(15, 15, 15, 0.49)), url('https:\/\/lys.golf\/wp-content\/uploads\/2017\/02\/Background-Club-blur.jpg'); background-color: rgba(15, 15, 15, 0.49);\">\n<div data-ce-tag=\"spacer\"><\/div>\n<h1 style=\"margin-bottom: 0px; text-align: center;\">  <span style=\"color:#ffffff;text-transform:uppercase;\">Les Ch\u00eanes<\/span>  <\/h1>\n<p style=\"text-align: center;\"><span style=\"color: #ffffff;\">Tom Simpson (1929)<\/span><\/p>\n<p data-ce-tag=\"button\" style=\"text-align: center; margin-bottom: 1px;\"><a class=\"pbs-button\" href=\"https:\/\/lys.golf\/index.php\/golf\/les-chenes-tom-simpson-1929\/\" style=\"background-color: #b48f36; border-color: #b48f36; color: #ffffff;\" xlink=\"href\">Lire plus \u2026<\/a><\/p>\n<\/div>\n<div class=\"pbs-col aos-init\" data-aos=\"slide-left\" style=\"padding: 70px 40px; background-image: linear-gradient(rgba(40, 36, 37, 0.56), rgba(40, 36, 37, 0.56)), url('https:\/\/lys.golf\/wp-content\/uploads\/2017\/02\/PandP-blured.jpg'); background-color: rgba(40, 36, 37, 0.56);\">\n<div data-ce-tag=\"spacer\"><\/div>\n<h1 style=\"margin-bottom: 0px; text-align: center;\">  <span style=\"color:#ffffff;text-transform:uppercase;\">Pitch &amp; Putt<\/span>  <\/h1>\n<p style=\"text-align: center;\"><span style=\"color: #ffffff;\">Didier Fruchet (2009)<\/span><\/p>\n<p data-ce-tag=\"button\" style=\"text-align: center; margin-bottom: 1px;\"><a class=\"pbs-button\" href=\"https:\/\/lys.golf\/index.php\/golf\/pitch-putt\/\" style=\"background-color: #b48f36; border-color: #b48f36; color: #ffffff;\" xlink=\"href\">Lire plus \u2026<\/a><\/p>\n<\/div>\n<\/div>\n<\/div>","protected":false},"excerpt":{"rendered":"<p>Les Bouleaux Patrick Cros 1976 Robert Berthet 1980 Hors Limites :&nbsp;D\u00e9finis par les barri\u00e8res et clotures de la propri\u00e9t\u00e9, les alignements de piquets blancs et\/ou lignes blanches continues. Le putting green, la terrasse du club-house ainsi que le practice sont hors-limites. Les buttes engazonn\u00e9es de bunker&nbsp;ne sont pas consid\u00e9r\u00e9es comme des zones tondues ras. Obstructions [&hellip;]<\/p>\n","protected":false},"author":1,"featured_media":0,"parent":261,"menu_order":0,"comment_status":"closed","ping_status":"closed","template":"template-full-width.php","meta":{"pmpro_default_level":""},"jetpack_sharing_enabled":true,"jetpack_shortlink":"https:\/\/wp.me\/P8s0JS-4y","jetpack-related-posts":[{"id":277,"url":"https:\/\/lys.golf\/index.php\/golf\/les-chenes-tom-simpson-1929\/","url_meta":{"origin":282,"position":0},"title":"Les Ch\u00eanes","date":"","format":false,"excerpt":"Les Ch\u00eanes Tom Simpson 1929 Hors Limites : D\u00e9finis par les barri\u00e8res et clotures de la propri\u00e9t\u00e9, les alignements de piquets blancs et\/ou lignes blanches continues. Le putting green, la terrasse du club-house ainsi que le practice sont hors-limites. Les buttes engazonn\u00e9es de bunker ne sont pas consid\u00e9r\u00e9es comme des\u2026","rel":"","context":"Article similaire","img":{"alt_text":"","src":"","width":0,"height":0},"classes":[]},{"id":501,"url":"https:\/\/lys.golf\/","url_meta":{"origin":282,"position":1},"title":"Accueil","date":"","format":false,"excerpt":"Le club du Lys Chantilly fier de son histoire prestigieuse, il demeure l\u2019un des lieux les plus attractifs de France. Scroll down R\u00c9SERVATION MEMBRES GOLF Organisez votre partie en regardant qui a d\u00e9j\u00e0 r\u00e9serv\u00e9 un d\u00e9part. Avec un peu de chance, vous retrouverez des amis. Vous pouvez aussi joindre l\u2019accueil.\u2026","rel":"","context":"Article similaire","img":{"alt_text":"","src":"https:\/\/i0.wp.com\/lys.golf\/wp-content\/uploads\/2016\/11\/cropped-lys.png?fit=1000%2C397&ssl=1&resize=350%2C200","width":350,"height":200},"classes":[]},{"id":287,"url":"https:\/\/lys.golf\/index.php\/golf\/pitch-putt\/","url_meta":{"origin":282,"position":2},"title":"Pitch &#038; Putt","date":"","format":false,"excerpt":"Pitch & Putt Didier Fruchet 2009 9 trous Pitch & Putt Par 27 Longueur : 940 m\u00e8tres Ce superbe Pitch & Putt dessin\u00e9 par D. Fruchet, architecte de golf, amoureux du Lys et enfant du Club, correspond parfaitement \u00e0 l\u2019id\u00e9e du Country Club du Lys Chantilly : offrir \u00e0 un\u2026","rel":"","context":"Article similaire","img":{"alt_text":"","src":"","width":0,"height":0},"classes":[]},{"id":1154,"url":"https:\/\/lys.golf\/index.php\/golf\/histoire\/","url_meta":{"origin":282,"position":3},"title":"Histoire","date":"","format":false,"excerpt":"Histoire En golf, c\u2019est bien connu, la maturit\u00e9 est souvent longue \u00e0 venir. Tout au long de son histoire le domaine du Lys dans un premier temps, devenu par la suite \u00ab\u00a0l\u2019International Club du Lys\u00a0\u00bb (le prestigieux I.C.L.), a \u00e9volu\u00e9 avec son temps. Magniquement situ\u00e9 au c\u0153ur de la for\u00eat\u2026","rel":"","context":"Article similaire","img":{"alt_text":"","src":"https:\/\/i0.wp.com\/lys.golf\/wp-content\/uploads\/2017\/03\/lys-chantilly02.jpg?zoom=2&resize=350%2C200","width":350,"height":200},"classes":[]},{"id":1695,"url":"https:\/\/lys.golf\/index.php\/golf\/maison-des-jeunes\/","url_meta":{"origin":282,"position":4},"title":"Maison des jeunes","date":"","format":false,"excerpt":"Maison des Jeunes La Maison des Jeunes accueille les enfants \u00e0 partir de 6 ans. Une \u00e9quipe d\u2019animateurs propose des activit\u00e9s collectives, sportives et ludiques tout au long de l\u2019ann\u00e9e (hors fermeture des installations du golf). Informations et inscriptions aupr\u00e8s de l\u2019accueil du Golf\u00a0\u2013 0344212600 \/ contact@lys.golf","rel":"","context":"Article similaire","img":{"alt_text":"","src":"https:\/\/i0.wp.com\/lys.golf\/wp-content\/uploads\/2017\/03\/MDJ.jpg?resize=350%2C200&ssl=1","width":350,"height":200},"classes":[]},{"id":396,"url":"https:\/\/lys.golf\/index.php\/golf\/enseignants\/","url_meta":{"origin":282,"position":5},"title":"Enseignants","date":"","format":false,"excerpt":"j\u00e9r\u00e9my goErgen J\u00e9r\u00e9my GOERGEN rejoint le club du Lys-Chantilly \u00e0 l\u2019\u00e9t\u00e9 2018 Form\u00e9 au Centre National de Formation de la F\u00e9d\u00e9ration Fran\u00e7aise de Golf (78), \u00e0 ce jour, titulaire de l\u2019ensemble des Dipl\u00f4mes Sportifs Sp\u00e9cifiques Golf valid\u00e9s et reconnus par le Minist\u00e8re de la Jeunesse et du Sport. Il obtient\u2026","rel":"","context":"Article similaire","img":{"alt_text":"","src":"https:\/\/i0.wp.com\/lys.golf\/wp-content\/uploads\/2022\/12\/photo-Jofrrey-PENELON-225x300.jpg?resize=350%2C200&ssl=1","width":350,"height":200},"classes":[]}],"_links":{"self":[{"href":"https:\/\/lys.golf\/index.php\/wp-json\/wp\/v2\/pages\/282"}],"collection":[{"href":"https:\/\/lys.golf\/index.php\/wp-json\/wp\/v2\/pages"}],"about":[{"href":"https:\/\/lys.golf\/index.php\/wp-json\/wp\/v2\/types\/page"}],"author":[{"embeddable":true,"href":"https:\/\/lys.golf\/index.php\/wp-json\/wp\/v2\/users\/1"}],"replies":[{"embeddable":true,"href":"https:\/\/lys.golf\/index.php\/wp-json\/wp\/v2\/comments?post=282"}],"version-history":[{"count":0,"href":"https:\/\/lys.golf\/index.php\/wp-json\/wp\/v2\/pages\/282\/revisions"}],"up":[{"embeddable":true,"href":"https:\/\/lys.golf\/index.php\/wp-json\/wp\/v2\/pages\/261"}],"wp:attachment":[{"href":"https:\/\/lys.golf\/index.php\/wp-json\/wp\/v2\/media?parent=282"}],"curies":[{"name":"wp","href":"https:\/\/api.w.org\/{rel}","templated":true}]}}