{"id":396,"date":"2017-02-25T19:03:58","date_gmt":"2017-02-25T18:03:58","guid":{"rendered":"https:\/\/lys.golf\/?page_id=396"},"modified":"2022-12-23T14:36:36","modified_gmt":"2022-12-23T14:36:36","slug":"enseignants","status":"publish","type":"page","link":"https:\/\/lys.golf\/index.php\/golf\/enseignants\/","title":{"rendered":"Enseignants"},"content":{"rendered":"<style id=\"pbs-style\">.pbsguid-ffymb8:before {height: 1em !important;width: 1em !important;background-image: url(\"data:image\/svg+xml,%3Csvg fill='%23ffffff' viewBox='0 0 20 20' xmlns='http:\/\/www.w3.org\/2000\/svg'%3E%3Cpath d='M2.89 2h14.23q.37 0 .625.255T18 2.88v14.24q0 .36-.255.62t-.625.26h-4.08v-6.2h2.08l.31-2.41h-2.39V7.85q0-.59.25-.885t.95-.295h1.28V4.51q-.66-.09-1.86-.09-1.42 0-2.265.835T10.55 7.61v1.78H8.46v2.41h2.09V18H2.89q-.37 0-.63-.26T2 17.12V2.88q0-.37.26-.625T2.89 2z'%3E%3C\/path%3E%3C\/svg%3E\")}.pbsguid-kyp34i:before {background-image: url(\"data:image\/svg+xml,%3Csvg fill='%23ffffff' viewBox='0 0 20 20' xmlns='http:\/\/www.w3.org\/2000\/svg'%3E%3Cpath d='M18.94 4.46q-.75 1.12-1.83 1.9.01.15.01.47 0 1.47-.43 2.945T15.38 12.6t-2.1 2.39-2.93 1.66-3.66.62q-3.04 0-5.63-1.65.48.05.88.05 2.55 0 4.55-1.57-1.19-.02-2.125-.73T3.07 11.55q.39.07.69.07.47 0 .96-.13-1.27-.26-2.105-1.27T1.78 7.89v-.04q.8.43 1.66.46-.75-.51-1.19-1.315T1.81 5.25q0-1 .5-1.84Q3.69 5.1 5.655 6.115T9.87 7.24q-.1-.45-.1-.84 0-1.51 1.075-2.585T13.44 2.74q1.6 0 2.68 1.16 1.26-.26 2.33-.89-.43 1.32-1.62 2.02 1.07-.11 2.11-.57z'%3E%3C\/path%3E%3C\/svg%3E\");}.pbsguid-ffymb8:before {height: 1em !important;width: 1em !important;background-image: url(\"data:image\/svg+xml,%3Csvg fill='%23ffffff' viewBox='0 0 20 20' xmlns='http:\/\/www.w3.org\/2000\/svg'%3E%3Cpath d='M2.89 2h14.23q.37 0 .625.255T18 2.88v14.24q0 .36-.255.62t-.625.26h-4.08v-6.2h2.08l.31-2.41h-2.39V7.85q0-.59.25-.885t.95-.295h1.28V4.51q-.66-.09-1.86-.09-1.42 0-2.265.835T10.55 7.61v1.78H8.46v2.41h2.09V18H2.89q-.37 0-.63-.26T2 17.12V2.88q0-.37.26-.625T2.89 2z'%3E%3C\/path%3E%3C\/svg%3E\")}.pbsguid-kyp34i:before {background-image: url(\"data:image\/svg+xml,%3Csvg fill='%23ffffff' viewBox='0 0 20 20' xmlns='http:\/\/www.w3.org\/2000\/svg'%3E%3Cpath d='M18.94 4.46q-.75 1.12-1.83 1.9.01.15.01.47 0 1.47-.43 2.945T15.38 12.6t-2.1 2.39-2.93 1.66-3.66.62q-3.04 0-5.63-1.65.48.05.88.05 2.55 0 4.55-1.57-1.19-.02-2.125-.73T3.07 11.55q.39.07.69.07.47 0 .96-.13-1.27-.26-2.105-1.27T1.78 7.89v-.04q.8.43 1.66.46-.75-.51-1.19-1.315T1.81 5.25q0-1 .5-1.84Q3.69 5.1 5.655 6.115T9.87 7.24q-.1-.45-.1-.84 0-1.51 1.075-2.585T13.44 2.74q1.6 0 2.68 1.16 1.26-.26 2.33-.89-.43 1.32-1.62 2.02 1.07-.11 2.11-.57z'%3E%3C\/path%3E%3C\/svg%3E\");}<\/style><div class=\"pbs-main-wrapper\"><div class=\"pbs-row\" style=\"padding-top: 25px; padding-bottom: 25px; position: relative; background-color: #f8f8f8;\" data-width=\"full-width\">\n<div class=\"pbs-col\">\n<p><img data-attachment-id=\"174\" data-permalink=\"https:\/\/lys.golf\/index.php\/golf\/enseignants\/fullsizerender1\/#main\" data-orig-file=\"https:\/\/i0.wp.com\/lys.golf\/wp-content\/uploads\/2017\/02\/fullsizerender1.jpg?fit=1423%2C1423&amp;ssl=1\" data-orig-size=\"1423,1423\" data-comments-opened=\"1\" data-image-meta=\"{&quot;aperture&quot;:&quot;2.2&quot;,&quot;credit&quot;:&quot;&quot;,&quot;camera&quot;:&quot;iPhone 6 Plus&quot;,&quot;caption&quot;:&quot;&quot;,&quot;created_timestamp&quot;:&quot;1432474678&quot;,&quot;copyright&quot;:&quot;&quot;,&quot;focal_length&quot;:&quot;4.15&quot;,&quot;iso&quot;:&quot;32&quot;,&quot;shutter_speed&quot;:&quot;0.00060716454159077&quot;,&quot;title&quot;:&quot;&quot;,&quot;orientation&quot;:&quot;1&quot;}\" data-image-title=\"fullsizerender1\" data-image-description=\"\" data-image-caption=\"\" data-medium-file=\"https:\/\/i0.wp.com\/lys.golf\/wp-content\/uploads\/2017\/02\/fullsizerender1.jpg?fit=300%2C300&amp;ssl=1\" data-large-file=\"https:\/\/i0.wp.com\/lys.golf\/wp-content\/uploads\/2017\/02\/fullsizerender1.jpg?fit=640%2C640&amp;ssl=1\" class=\"wp-image-174 size-medium aligncenter\" alt=\"\" width=\"0\" height=\"0\" \/><\/p>\n<\/div>\n<div class=\"pbs-col\" style=\"justify-content: center; padding-right: 117px;\">\n<p><img data-attachment-id=\"2623\" data-permalink=\"https:\/\/lys.golf\/index.php\/golf\/enseignants\/jeremy\/#main\" data-orig-file=\"https:\/\/i0.wp.com\/lys.golf\/wp-content\/uploads\/2018\/10\/JEREMY.jpg?fit=239%2C240&amp;ssl=1\" data-orig-size=\"239,240\" data-comments-opened=\"0\" data-image-meta=\"{&quot;aperture&quot;:&quot;0&quot;,&quot;credit&quot;:&quot;&quot;,&quot;camera&quot;:&quot;&quot;,&quot;caption&quot;:&quot;&quot;,&quot;created_timestamp&quot;:&quot;0&quot;,&quot;copyright&quot;:&quot;&quot;,&quot;focal_length&quot;:&quot;0&quot;,&quot;iso&quot;:&quot;0&quot;,&quot;shutter_speed&quot;:&quot;0&quot;,&quot;title&quot;:&quot;&quot;,&quot;orientation&quot;:&quot;0&quot;}\" data-image-title=\"JEREMY\" data-image-description=\"\" data-image-caption=\"\" data-medium-file=\"https:\/\/i0.wp.com\/lys.golf\/wp-content\/uploads\/2018\/10\/JEREMY.jpg?fit=239%2C240&amp;ssl=1\" data-large-file=\"https:\/\/i0.wp.com\/lys.golf\/wp-content\/uploads\/2018\/10\/JEREMY.jpg?fit=239%2C240&amp;ssl=1\" loading=\"lazy\" class=\"wp-image-2623 aligncenter\" src=\"https:\/\/i0.wp.com\/lys.golf\/wp-content\/uploads\/2018\/10\/JEREMY.jpg?resize=176%2C177&#038;ssl=1\" alt=\"\" width=\"176\" height=\"177\" srcset=\"https:\/\/i0.wp.com\/lys.golf\/wp-content\/uploads\/2018\/10\/JEREMY.jpg?w=239&amp;ssl=1 239w, https:\/\/i0.wp.com\/lys.golf\/wp-content\/uploads\/2018\/10\/JEREMY.jpg?resize=150%2C150&amp;ssl=1 150w\" sizes=\"(max-width: 176px) 100vw, 176px\" data-recalc-dims=\"1\" \/><\/p>\n<h3><span style=\"color: #b18e34; text-transform: uppercase;\">j\u00e9r\u00e9my goErgen<\/span><\/h3>\n<p><strong>J\u00e9r\u00e9my GOERGEN<\/strong> rejoint le club du Lys-Chantilly \u00e0 l\u2019\u00e9t\u00e9 2018<\/p>\n<p>Form\u00e9 au Centre National de Formation de la F\u00e9d\u00e9ration Fran\u00e7aise de Golf (78), \u00e0 ce jour, titulaire de l\u2019ensemble des Dipl\u00f4mes Sportifs Sp\u00e9cifiques Golf valid\u00e9s et reconnus par le Minist\u00e8re de la Jeunesse et du Sport.<\/p>\n<p>Il obtient en 2010 le\u00a0Brevet Professionnel Golf (BP JEPS)\u00a0qui lui conf\u00e8re le titre de Moniteur de Golf.<\/p>\n<p>Puis en 2011, il obtient le Dipl\u00f4me d\u2019Etat Perfectionnement Sportif Golf (DE JEPS)\u00a0qui lui conf\u00e8re le titre d\u2019Entraineur de Golf.<\/p>\n<p>Enfin au cours de l\u2019ann\u00e9e 2016, il a obtenu le Dipl\u00f4me d\u2019Etat Sup\u00e9rieur Performance Sportive Golf (DES JEPS)\u00a0qui lui conf\u00e8re le titre de Professeur de Golf \/ Entraineur Haut Niveau.<\/p>\n<p>Lors de cette formation il a eu la chance d\u2019\u00eatre form\u00e9 par des intervenants de qualit\u00e9 tel que : Olivier L\u00c9GLISE (coach de Gregory BOURDY, Romain WATTEL), Fran\u00e7ois BERTHET (ancien coach de Christian C\u00c9V\u00caAR), Guillaume BIAUGEAUD (coach de Victor RIU), Michel PRADET (Professeur INSEP Pr\u00e9paration Physique) \u2026<\/p>\n<p><strong>Mon Parcours Golfique :<\/strong><\/p>\n<p>J\u2019ai d\u00e9coll\u00e9 ma 1\u00e8re balle \u00e0 l\u2019\u00e2ge de 6 ans sur le golf de Libreville, au Gabon, en compagnie de mes parents.\u00a0Puis j\u2019ai \u00e9t\u00e9 contamin\u00e9 par ce jeu gr\u00e2ce \u00e0 mon premier enseignant, Fran\u00e7ois MICOULET, qui m\u2019a transmis le sens du golf et l\u2019envie d\u2019\u00eatre meilleur chaque jour.<\/p>\n<p>C\u2019est lors de ma s\u00e9lection au sein du\u00a0TEAM SCRATH de la Ligue de Picardie que j\u2019ai rencontr\u00e9 mon v\u00e9ritable Swing\u2019s Coach, G\u00e9rard LAMY, qui a fa\u00e7onn\u00e9 mon swing \u00e0 son image et surtout m\u2019a inculqu\u00e9 la rigueur et le travail.<\/p>\n<p>J\u2019ai eu une carri\u00e8re junior agr\u00e9able et passionn\u00e9e\u00a0sous les couleurs du Dolce Chantilly (60) avec beaucoup de d\u00e9placements, de tournois et quelques bons r\u00e9sultats (Champion de Picardie Minime, Champion de Picardie Homme par Equipe, Participation au Championnat de France des Jeunes en Club et en Scolaire\u2026).<\/p>\n<p>Apr\u00e8s l\u2019obtention de mon BAC Scientifique, j\u2019ai\u00a0fait le choix de me tourner vers la transmission du savoir de ce jeu qui nous torture tr\u00e8s souvent due \u00e0 son exigence et \u00e0 sa complexit\u00e9.<\/p>\n<p>Lors de notre parcours de progression, nous oublions trop souvent que le Golf est un JEU et\u00a0ma mission est d\u2019apprendre aux golfeurs de tous niveaux\u00a0que le plaisir (motivation) et l\u2019apprentissage sont les cl\u00e9s de la r\u00e9ussite.<\/p>\n<p>J\u2019obtiens le statut de professionnel de golf en octobre 2008 et d\u00e8s le\u00a0d\u00e9but de l\u2019ann\u00e9e 2009 je deviens membre de la PGA France.<\/p>\n<\/div>\n<\/div>\n<div class=\"pbs-row\" style=\"padding-top: 25px; padding-bottom: 25px; position: relative; background-color: #ffffff;\" data-width=\"full-width\">\n<div class=\"pbs-col\" style=\"justify-content: center; padding-left: 117px;\">\n<p><img data-attachment-id=\"3020\" data-permalink=\"https:\/\/lys.golf\/photo-jofrrey-penelon\/\" data-orig-file=\"https:\/\/i0.wp.com\/lys.golf\/wp-content\/uploads\/2022\/12\/photo-Jofrrey-PENELON.jpg?fit=800%2C1065&amp;ssl=1\" data-orig-size=\"800,1065\" data-comments-opened=\"0\" data-image-meta=\"{&quot;aperture&quot;:&quot;0&quot;,&quot;credit&quot;:&quot;&quot;,&quot;camera&quot;:&quot;&quot;,&quot;caption&quot;:&quot;&quot;,&quot;created_timestamp&quot;:&quot;0&quot;,&quot;copyright&quot;:&quot;&quot;,&quot;focal_length&quot;:&quot;0&quot;,&quot;iso&quot;:&quot;0&quot;,&quot;shutter_speed&quot;:&quot;0&quot;,&quot;title&quot;:&quot;&quot;,&quot;orientation&quot;:&quot;0&quot;}\" data-image-title=\"Jofrrey PENELON\" data-image-description=\"\" data-image-caption=\"\" data-medium-file=\"https:\/\/i0.wp.com\/lys.golf\/wp-content\/uploads\/2022\/12\/photo-Jofrrey-PENELON.jpg?fit=225%2C300&amp;ssl=1\" data-large-file=\"https:\/\/i0.wp.com\/lys.golf\/wp-content\/uploads\/2022\/12\/photo-Jofrrey-PENELON.jpg?fit=640%2C852&amp;ssl=1\" loading=\"lazy\" class=\"wp-image-3020  aligncenter\" src=\"https:\/\/i0.wp.com\/lys.golf\/wp-content\/uploads\/2022\/12\/photo-Jofrrey-PENELON.jpg?resize=206%2C275&#038;ssl=1\" alt=\"\" width=\"206\" height=\"275\" srcset=\"https:\/\/i0.wp.com\/lys.golf\/wp-content\/uploads\/2022\/12\/photo-Jofrrey-PENELON.jpg?resize=225%2C300&amp;ssl=1 225w, https:\/\/i0.wp.com\/lys.golf\/wp-content\/uploads\/2022\/12\/photo-Jofrrey-PENELON.jpg?resize=769%2C1024&amp;ssl=1 769w, https:\/\/i0.wp.com\/lys.golf\/wp-content\/uploads\/2022\/12\/photo-Jofrrey-PENELON.jpg?resize=768%2C1022&amp;ssl=1 768w, https:\/\/i0.wp.com\/lys.golf\/wp-content\/uploads\/2022\/12\/photo-Jofrrey-PENELON.jpg?w=800&amp;ssl=1 800w\" sizes=\"(max-width: 206px) 100vw, 206px\" data-recalc-dims=\"1\" \/><\/p>\n<h3 style=\"margin-top: 4px;\"><span style=\"color: #b18e34; text-transform: uppercase;\">JOFFREY PENELON<br \/>\n<\/span><\/h3>\n<p><strong>Joffrey PENELON <\/strong>a rejoint le club du Lys-Chantilly en novembre 2022<\/p>\n<p><strong>Mon Parcours Golfique :<\/strong><\/p>\n<p>Tout commence au Domaine de Vaugouard en 1997 \u00e0 l\u2019occasion du Grand Prix.<\/p>\n<p>Ce fut la premi\u00e8re fois que je d\u00e9couvrais ce jeu. Un matin d\u2019\u00e9t\u00e9, au d\u00e9part du trou num\u00e9ro 4, l\u00e9g\u00e8rement sur\u00e9lev\u00e9, j\u2019avais alors les yeux braqu\u00e9s sur lui\u00a0; il a \u00e9t\u00e9 un d\u00e9clic \u00ab\u00a0le fer 1\u00a0\u00bb. Ce fut \u00e0 partir de ce moment pr\u00e9cis que mon amour du jeu commence.<\/p>\n<p>J\u2019ai donc d\u00e9but\u00e9 avec un pro Ecossais, Peter Mcland, parcouru les golfs, les tournois jeunes et stages de la ligue du Centre jusqu\u2019\u00e0 mes 18 ans.<\/p>\n<p>Form\u00e9 \u00e0 l\u2019Ecole F\u00e9d\u00e9rale de Vichy par Jean Etienne Lafitte, Didier Nocera et Gonzalo Toledo.<\/p>\n<p>J\u2019obtiens mon dipl\u00f4me d\u2019enseignant en 2010 et rejoins le golf d\u2019Orl\u00e9ans Donnery o\u00f9 je fais mes armes pendant 3 ans. Il m\u2019est propos\u00e9 un poste de directeur sur la structure de Clairis mais je me rends tr\u00e8s vite compte que ma passion est de faire progresser les joueurs.<\/p>\n<p>La m\u00eame ann\u00e9e, je deviens membres de PGA France.<\/p>\n<p>En 2014 je me dirige vers la r\u00e9gion parisienne et pose mes valises au golf de Gonesse o\u00f9 je d\u00e9veloppe le golf d\u00e9butant, s\u00e9nior, \u00e9quipes et l\u2019\u00e9cole de golf. J\u2019arrive \u00e0 trouver du temps pour diversifier mes connaissances sur le terrain et les machines pour mieux comprendre l\u2019essence m\u00eame du jeu de golf.<\/p>\n<p>Je compl\u00e8te mes formations avec l\u2019outil de mesure Trackman en validant le 1<sup>er<\/sup> puis le 2<sup>\u00e8me<\/sup> degr\u00e9.<\/p>\n<p>Plusieurs formations sur les forces et le contact avec Laurent Cabanne et Chris Como (l\u2019ex entraineur de Tiger Wood et actuellement de Bryson DeChambeau et Jason Day), m\u2019ont permis d\u2019\u00e9largir mes connaissances sur la cin\u00e9tique et cin\u00e9matique du swing.<\/p>\n<p>Je remercie le Club du Lys ainsi que ses membres de m\u2019accueillir dans cette magnifique structure charg\u00e9e d\u2019histoire et impatient de vous transmettre mes 12 ann\u00e9es d\u2019exp\u00e9riences.<\/p>\n<\/div>\n<\/div>\n<div class=\"pbs-row\" style=\"padding-top: 25px; padding-bottom: 25px; position: relative; background-color: #ffffff;\" data-width=\"full-width\">\n<div class=\"pbs-col\" style=\"justify-content: center;\">\n<p><img data-attachment-id=\"1614\" data-permalink=\"https:\/\/lys.golf\/index.php\/golf\/enseignants\/camille2\/#main\" data-orig-file=\"https:\/\/i0.wp.com\/lys.golf\/wp-content\/uploads\/2017\/02\/Camille2.png?fit=414%2C414&amp;ssl=1\" data-orig-size=\"414,414\" data-comments-opened=\"0\" data-image-meta=\"{&quot;aperture&quot;:&quot;0&quot;,&quot;credit&quot;:&quot;&quot;,&quot;camera&quot;:&quot;&quot;,&quot;caption&quot;:&quot;&quot;,&quot;created_timestamp&quot;:&quot;0&quot;,&quot;copyright&quot;:&quot;&quot;,&quot;focal_length&quot;:&quot;0&quot;,&quot;iso&quot;:&quot;0&quot;,&quot;shutter_speed&quot;:&quot;0&quot;,&quot;title&quot;:&quot;&quot;,&quot;orientation&quot;:&quot;0&quot;}\" data-image-title=\"Camille2\" data-image-description=\"\" data-image-caption=\"\" data-medium-file=\"https:\/\/i0.wp.com\/lys.golf\/wp-content\/uploads\/2017\/02\/Camille2.png?fit=300%2C300&amp;ssl=1\" data-large-file=\"https:\/\/i0.wp.com\/lys.golf\/wp-content\/uploads\/2017\/02\/Camille2.png?fit=414%2C414&amp;ssl=1\" class=\"aligncenter wp-image-1614 size-medium\" width=\"0\" height=\"0\" \/><\/p>\n<\/div>\n<\/div>\n<div data-ce-tag=\"spacer\"><\/div>\n<h1 style=\"text-align: center;\"><span style=\"color: #b18e34; text-transform: uppercase;\">Articles enseignement et stage<\/span><\/h1>\n<div class=\"pbs-row\" style=\"position: relative; min-height: 200px;\" data-width=\"full-width\">\n<div class=\"pbs-col\" style=\"justify-content: center;\"><div class=\"pt-cv-wrapper\"><div class=\"pt-cv-view pt-cv-pinterest pt-cv-colsys pt-cv-nolf pt-cv-shadow pt-cv-bb pt-cv-sharp-buttons\" id=\"pt-cv-view-e9e243fn9m\"><div data-id=\"pt-cv-page-1\" class=\"pt-cv-page cv-npf\" data-cvc=\"5\"><div class=\"col-md-2 col-sm-4 col-xs-12 pt-cv-content-item pt-cv-1-col\"  data-pid=\"0\"><div class='pt-cv-pinmas'><div class=\"pt-cv-no-post\">Aucune publication trouv\u00e9e.<\/div><\/div><\/div><\/div><\/div><\/div>\t\t\t<style type=\"text\/css\" id=\"pt-cv-inline-style-5bf9f672y8\">#pt-cv-view-e9e243fn9m.pt-cv-post-border .pt-cv-content-item   { border-top-width: 1px; border-left-width: 1px; border-top-style: solid; border-left-style: solid; border-top-color: #ececec; border-left-color: #ececec; }\n#pt-cv-view-e9e243fn9m .pt-cv-title a, #pt-cv-view-e9e243fn9m  .panel-title { color: #b18e34 !important; font-weight: 600 !important; }\n#pt-cv-view-e9e243fn9m .pt-cv-readmore  { color: #ffffff !important; background-color: #b18e34 !important; }\n#pt-cv-view-e9e243fn9m .pt-cv-readmore:hover  { color: #ffffff !important; background-color: #00aeef !important; }\n#pt-cv-view-e9e243fn9m  + .pt-cv-pagination-wrapper .pt-cv-more , #pt-cv-view-e9e243fn9m  + .pt-cv-pagination-wrapper .pagination .active a { color: #ffffff !important; background-color: #00aeef !important; }\n#pt-cv-gls-e9e243fn9m li a   { font-weight: 600 !important; }\n#pt-cv-gls-e9e243fn9m li a.pt-active   { color: #fff !important; background-color: #ff5a5f !important; }\n#pt-cv-view-e9e243fn9m .img-rounded, #pt-cv-view-e9e243fn9m .pt-cv-hover-wrapper { -webkit-border-radius: 6px !important; -moz-border-radius: 6px !important; border-radius: 6px !important; }<\/style>\r\n\t\t\t<\/div>\n<\/div>\n<\/div>","protected":false},"excerpt":{"rendered":"<p>j\u00e9r\u00e9my goErgen J\u00e9r\u00e9my GOERGEN rejoint le club du Lys-Chantilly \u00e0 l\u2019\u00e9t\u00e9 2018 Form\u00e9 au Centre National de Formation de la F\u00e9d\u00e9ration Fran\u00e7aise de Golf (78), \u00e0 ce jour, titulaire de l\u2019ensemble des Dipl\u00f4mes Sportifs Sp\u00e9cifiques Golf valid\u00e9s et reconnus par le Minist\u00e8re de la Jeunesse et du Sport. Il obtient en 2010 le\u00a0Brevet Professionnel Golf [&hellip;]<\/p>\n","protected":false},"author":1,"featured_media":0,"parent":261,"menu_order":0,"comment_status":"closed","ping_status":"closed","template":"template-full-width.php","meta":{"pmpro_default_level":""},"jetpack_sharing_enabled":true,"jetpack_shortlink":"https:\/\/wp.me\/P8s0JS-6o","jetpack-related-posts":[{"id":1074,"url":"https:\/\/lys.golf\/index.php\/golf\/enseignement\/","url_meta":{"origin":396,"position":0},"title":"Enseignement","date":"","format":false,"excerpt":"Dossier inscription Ecole de Golf \/ Tennis 2024-2025 Calendrier \u00e9cole de golf 2024-2025 ecole de golf et ecole de tennis -- Cours collectifs adultes --","rel":"","context":"Article similaire","img":{"alt_text":"","src":"","width":0,"height":0},"classes":[]}],"_links":{"self":[{"href":"https:\/\/lys.golf\/index.php\/wp-json\/wp\/v2\/pages\/396"}],"collection":[{"href":"https:\/\/lys.golf\/index.php\/wp-json\/wp\/v2\/pages"}],"about":[{"href":"https:\/\/lys.golf\/index.php\/wp-json\/wp\/v2\/types\/page"}],"author":[{"embeddable":true,"href":"https:\/\/lys.golf\/index.php\/wp-json\/wp\/v2\/users\/1"}],"replies":[{"embeddable":true,"href":"https:\/\/lys.golf\/index.php\/wp-json\/wp\/v2\/comments?post=396"}],"version-history":[{"count":4,"href":"https:\/\/lys.golf\/index.php\/wp-json\/wp\/v2\/pages\/396\/revisions"}],"predecessor-version":[{"id":3030,"href":"https:\/\/lys.golf\/index.php\/wp-json\/wp\/v2\/pages\/396\/revisions\/3030"}],"up":[{"embeddable":true,"href":"https:\/\/lys.golf\/index.php\/wp-json\/wp\/v2\/pages\/261"}],"wp:attachment":[{"href":"https:\/\/lys.golf\/index.php\/wp-json\/wp\/v2\/media?parent=396"}],"curies":[{"name":"wp","href":"https:\/\/api.w.org\/{rel}","templated":true}]}}